{"id":909,"date":"2013-03-05T07:15:21","date_gmt":"2013-03-05T06:15:21","guid":{"rendered":"http:\/\/francoismuerner.ch\/?page_id=909"},"modified":"2020-05-25T10:24:27","modified_gmt":"2020-05-25T09:24:27","slug":"bye-bye-video-3","status":"publish","type":"page","link":"https:\/\/francoismuerner.ch\/?page_id=909","title":{"rendered":"Videos"},"content":{"rendered":"<p><strong>DANKE \u00a0f\u00fcrs Ab- und Zuh\u00f6ren \u00fcber all die Jahre!<br \/>\n<\/strong><strong>Und liebe Kumpels im Radio-Tower\u00a0<\/strong><strong>THANX Guys!<\/strong><span style=\"font-weight: 300;\">\u00a0<\/span><\/p>\n<p><span style=\"font-weight: 300;\"><a href=\"https:\/\/www.youtube.com\/watch?v=cKbRESYUmTE\"><img loading=\"lazy\" decoding=\"async\" class=\"alignright size-large wp-image-1921\" alt=\"FM just left the Building\" src=\"http:\/\/francoismuerner.ch\/wordpress\/wp-content\/uploads\/2018\/04\/FM-just-left-the-Building-1024x538.jpg\" width=\"584\" height=\"306\" srcset=\"https:\/\/francoismuerner.ch\/wordpress\/wp-content\/uploads\/2018\/04\/FM-just-left-the-Building-1024x538.jpg 1024w, https:\/\/francoismuerner.ch\/wordpress\/wp-content\/uploads\/2018\/04\/FM-just-left-the-Building-300x157.jpg 300w, https:\/\/francoismuerner.ch\/wordpress\/wp-content\/uploads\/2018\/04\/FM-just-left-the-Building-500x262.jpg 500w, https:\/\/francoismuerner.ch\/wordpress\/wp-content\/uploads\/2018\/04\/FM-just-left-the-Building.jpg 1277w\" sizes=\"auto, (max-width: 584px) 100vw, 584px\" \/><\/a><\/span><\/p>\n<p>&nbsp;<\/p>\n<p><strong><a href=\"https:\/\/www.srf.ch\/sendungen\/glanz-und-gloria\/g-g-weekend-mit-kathrin-hoenegger-und-francois-fm-muerner\"><img loading=\"lazy\" decoding=\"async\" class=\"alignright size-medium wp-image-1906\" alt=\"Radio Glanz+Gloria SRF1\" src=\"http:\/\/francoismuerner.ch\/wordpress\/wp-content\/uploads\/2018\/04\/G+G-1-300x168.jpg\" width=\"300\" height=\"168\" srcset=\"https:\/\/francoismuerner.ch\/wordpress\/wp-content\/uploads\/2018\/04\/G+G-1-300x168.jpg 300w, https:\/\/francoismuerner.ch\/wordpress\/wp-content\/uploads\/2018\/04\/G+G-1-1024x573.jpg 1024w, https:\/\/francoismuerner.ch\/wordpress\/wp-content\/uploads\/2018\/04\/G+G-1-500x280.jpg 500w, https:\/\/francoismuerner.ch\/wordpress\/wp-content\/uploads\/2018\/04\/G+G-1.jpg 2047w\" sizes=\"auto, (max-width: 300px) 100vw, 300px\" \/><\/a><\/strong><strong><\/strong><\/p>\n<p>&nbsp;<\/p>\n<p><strong><br \/>\nSRF 1 Glanz+Gloria Radio-Special<br \/>\nDani Fohrler, Kathrin H\u00f6negger<br \/>\nund ich<\/strong><\/p>\n<p>&nbsp;<\/p>\n<p><a href=\"https:\/\/www.youtube.com\/watch?v=_BfpHVmLOWI\"><img loading=\"lazy\" decoding=\"async\" class=\"alignright size-medium wp-image-1915\" alt=\"Start DRS3\" src=\"http:\/\/francoismuerner.ch\/wordpress\/wp-content\/uploads\/2018\/04\/Start-DRS3-300x157.jpg\" width=\"300\" height=\"157\" srcset=\"https:\/\/francoismuerner.ch\/wordpress\/wp-content\/uploads\/2018\/04\/Start-DRS3-300x157.jpg 300w, https:\/\/francoismuerner.ch\/wordpress\/wp-content\/uploads\/2018\/04\/Start-DRS3-1024x539.jpg 1024w, https:\/\/francoismuerner.ch\/wordpress\/wp-content\/uploads\/2018\/04\/Start-DRS3-500x263.jpg 500w, https:\/\/francoismuerner.ch\/wordpress\/wp-content\/uploads\/2018\/04\/Start-DRS3.jpg 1278w\" sizes=\"auto, (max-width: 300px) 100vw, 300px\" \/><\/a><\/p>\n<p><strong>\u00a0<\/strong><\/p>\n<p><strong>Start Radio DRS3 (jetzt SRF3)<\/strong><br \/>\n<strong>01.11.1983<\/strong><\/p>\n<p><strong><a href=\"https:\/\/www.youtube.com\/watch?v=1nNX1mZoD_8\"><img loading=\"lazy\" decoding=\"async\" class=\"alignright size-medium wp-image-1925\" alt=\"Sch_FM\" src=\"http:\/\/francoismuerner.ch\/wordpress\/wp-content\/uploads\/2018\/04\/Sch_FM-300x158.jpg\" width=\"300\" height=\"158\" srcset=\"https:\/\/francoismuerner.ch\/wordpress\/wp-content\/uploads\/2018\/04\/Sch_FM-300x158.jpg 300w, https:\/\/francoismuerner.ch\/wordpress\/wp-content\/uploads\/2018\/04\/Sch_FM-1024x542.jpg 1024w, https:\/\/francoismuerner.ch\/wordpress\/wp-content\/uploads\/2018\/04\/Sch_FM-500x264.jpg 500w, https:\/\/francoismuerner.ch\/wordpress\/wp-content\/uploads\/2018\/04\/Sch_FM.jpg 1277w\" sizes=\"auto, (max-width: 300px) 100vw, 300px\" \/><\/a><\/strong><strong><\/strong><\/p>\n<p>&nbsp;<\/p>\n<p>&nbsp;<\/p>\n<p><strong>Mein Kumpel Christoph Schwegler am Regler und ich \u00fcber DRS 3 in den 80gern<\/strong><\/p>\n<p>&nbsp;<\/p>\n<p>&nbsp;<\/p>\n<p><strong>SRF 1 Legends letzte An- und<br \/>\nAbmoderation (Juli 2018)\u00a0 \u00a0 \u00a0 \u00a0 \u00a0 \u00a0 \u00a0 \u00a0 \u00a0 \u00a0 \u00a0\u00a0<a href=\"https:\/\/www.youtube.com\/watch?v=Hsnt8q870mg&amp;t=3s\"><img loading=\"lazy\" decoding=\"async\" class=\"alignright size-large wp-image-2103\" alt=\"Last Waltz\" src=\"http:\/\/francoismuerner.ch\/wordpress\/wp-content\/uploads\/2020\/05\/Last-Waltz-1024x574.jpg\" width=\"584\" height=\"327\" srcset=\"https:\/\/francoismuerner.ch\/wordpress\/wp-content\/uploads\/2020\/05\/Last-Waltz-1024x574.jpg 1024w, https:\/\/francoismuerner.ch\/wordpress\/wp-content\/uploads\/2020\/05\/Last-Waltz-300x168.jpg 300w, https:\/\/francoismuerner.ch\/wordpress\/wp-content\/uploads\/2020\/05\/Last-Waltz-500x280.jpg 500w, https:\/\/francoismuerner.ch\/wordpress\/wp-content\/uploads\/2020\/05\/Last-Waltz.jpg 1594w\" sizes=\"auto, (max-width: 584px) 100vw, 584px\" \/><\/a><br \/>\n<\/strong><\/p>\n<p>&nbsp;<\/p>\n<p>&nbsp;<\/p>\n","protected":false},"excerpt":{"rendered":"<p>DANKE \u00a0f\u00fcrs Ab- und Zuh\u00f6ren \u00fcber all die Jahre! Und liebe Kumpels im Radio-Tower\u00a0THANX Guys!\u00a0 &nbsp; &nbsp; SRF 1 Glanz+Gloria Radio-Special Dani Fohrler, Kathrin H\u00f6negger und ich &nbsp; \u00a0 Start Radio DRS3 (jetzt SRF3) 01.11.1983 &nbsp; &nbsp; Mein Kumpel Christoph Schwegler am Regler und ich \u00fcber DRS 3 in den 80gern &nbsp; &nbsp; SRF 1 Legends letzte An- und Abmoderation (Juli 2018)\u00a0 \u00a0 \u00a0 \u00a0 \u00a0 \u00a0 \u00a0 \u00a0 \u00a0 \u00a0 \u00a0\u00a0 &nbsp; &nbsp;<\/p>\n","protected":false},"author":1,"featured_media":0,"parent":0,"menu_order":0,"comment_status":"closed","ping_status":"closed","template":"","meta":{"ngg_post_thumbnail":0,"footnotes":""},"class_list":["post-909","page","type-page","status-publish","hentry"],"_links":{"self":[{"href":"https:\/\/francoismuerner.ch\/index.php?rest_route=\/wp\/v2\/pages\/909","targetHints":{"allow":["GET"]}}],"collection":[{"href":"https:\/\/francoismuerner.ch\/index.php?rest_route=\/wp\/v2\/pages"}],"about":[{"href":"https:\/\/francoismuerner.ch\/index.php?rest_route=\/wp\/v2\/types\/page"}],"author":[{"embeddable":true,"href":"https:\/\/francoismuerner.ch\/index.php?rest_route=\/wp\/v2\/users\/1"}],"replies":[{"embeddable":true,"href":"https:\/\/francoismuerner.ch\/index.php?rest_route=%2Fwp%2Fv2%2Fcomments&post=909"}],"version-history":[{"count":51,"href":"https:\/\/francoismuerner.ch\/index.php?rest_route=\/wp\/v2\/pages\/909\/revisions"}],"predecessor-version":[{"id":915,"href":"https:\/\/francoismuerner.ch\/index.php?rest_route=\/wp\/v2\/pages\/909\/revisions\/915"}],"wp:attachment":[{"href":"https:\/\/francoismuerner.ch\/index.php?rest_route=%2Fwp%2Fv2%2Fmedia&parent=909"}],"curies":[{"name":"wp","href":"https:\/\/api.w.org\/{rel}","templated":true}]}}

<p><strong>DANKE  fürs Ab- und Zuhören über all die Jahre!<br />
</strong><strong>Und liebe Kumpels im Radio-Tower </strong><strong>THANX Guys!</strong><span style="font-weight: 300;"> </span></p>
<p><span style="font-weight: 300;"><a href="https://www.youtube.com/watch?v=cKbRESYUmTE"><img loading="lazy" decoding="async" class="alignright size-large wp-image-1921" alt="FM just left the Building" src="http://francoismuerner.ch/wordpress/wp-content/uploads/2018/04/FM-just-left-the-Building-1024x538.jpg" width="584" height="306" srcset="https://francoismuerner.ch/wordpress/wp-content/uploads/2018/04/FM-just-left-the-Building-1024x538.jpg 1024w, https://francoismuerner.ch/wordpress/wp-content/uploads/2018/04/FM-just-left-the-Building-300x157.jpg 300w, https://francoismuerner.ch/wordpress/wp-content/uploads/2018/04/FM-just-left-the-Building-500x262.jpg 500w, https://francoismuerner.ch/wordpress/wp-content/uploads/2018/04/FM-just-left-the-Building.jpg 1277w" sizes="auto, (max-width: 584px) 100vw, 584px" /></a></span></p>
<p>&nbsp;</p>
<p><strong><a href="https://www.srf.ch/sendungen/glanz-und-gloria/g-g-weekend-mit-kathrin-hoenegger-und-francois-fm-muerner"><img loading="lazy" decoding="async" class="alignright size-medium wp-image-1906" alt="Radio Glanz+Gloria SRF1" src="http://francoismuerner.ch/wordpress/wp-content/uploads/2018/04/G+G-1-300x168.jpg" width="300" height="168" srcset="https://francoismuerner.ch/wordpress/wp-content/uploads/2018/04/G+G-1-300x168.jpg 300w, https://francoismuerner.ch/wordpress/wp-content/uploads/2018/04/G+G-1-1024x573.jpg 1024w, https://francoismuerner.ch/wordpress/wp-content/uploads/2018/04/G+G-1-500x280.jpg 500w, https://francoismuerner.ch/wordpress/wp-content/uploads/2018/04/G+G-1.jpg 2047w" sizes="auto, (max-width: 300px) 100vw, 300px" /></a></strong><strong></strong></p>
<p>&nbsp;</p>
<p><strong><br />
SRF 1 Glanz+Gloria Radio-Special<br />
Dani Fohrler, Kathrin Hönegger<br />
und ich</strong></p>
<p>&nbsp;</p>
<p><a href="https://www.youtube.com/watch?v=_BfpHVmLOWI"><img loading="lazy" decoding="async" class="alignright size-medium wp-image-1915" alt="Start DRS3" src="http://francoismuerner.ch/wordpress/wp-content/uploads/2018/04/Start-DRS3-300x157.jpg" width="300" height="157" srcset="https://francoismuerner.ch/wordpress/wp-content/uploads/2018/04/Start-DRS3-300x157.jpg 300w, https://francoismuerner.ch/wordpress/wp-content/uploads/2018/04/Start-DRS3-1024x539.jpg 1024w, https://francoismuerner.ch/wordpress/wp-content/uploads/2018/04/Start-DRS3-500x263.jpg 500w, https://francoismuerner.ch/wordpress/wp-content/uploads/2018/04/Start-DRS3.jpg 1278w" sizes="auto, (max-width: 300px) 100vw, 300px" /></a></p>
<p><strong> </strong></p>
<p><strong>Start Radio DRS3 (jetzt SRF3)</strong><br />
<strong>01.11.1983</strong></p>
<p><strong><a href="https://www.youtube.com/watch?v=1nNX1mZoD_8"><img loading="lazy" decoding="async" class="alignright size-medium wp-image-1925" alt="Sch_FM" src="http://francoismuerner.ch/wordpress/wp-content/uploads/2018/04/Sch_FM-300x158.jpg" width="300" height="158" srcset="https://francoismuerner.ch/wordpress/wp-content/uploads/2018/04/Sch_FM-300x158.jpg 300w, https://francoismuerner.ch/wordpress/wp-content/uploads/2018/04/Sch_FM-1024x542.jpg 1024w, https://francoismuerner.ch/wordpress/wp-content/uploads/2018/04/Sch_FM-500x264.jpg 500w, https://francoismuerner.ch/wordpress/wp-content/uploads/2018/04/Sch_FM.jpg 1277w" sizes="auto, (max-width: 300px) 100vw, 300px" /></a></strong><strong></strong></p>
<p>&nbsp;</p>
<p>&nbsp;</p>
<p><strong>Mein Kumpel Christoph Schwegler am Regler und ich über DRS 3 in den 80gern</strong></p>
<p>&nbsp;</p>
<p>&nbsp;</p>
<p><strong>SRF 1 Legends letzte An- und<br />
Abmoderation (Juli 2018)                      <a href="https://www.youtube.com/watch?v=Hsnt8q870mg&amp;t=3s"><img loading="lazy" decoding="async" class="alignright size-large wp-image-2103" alt="Last Waltz" src="http://francoismuerner.ch/wordpress/wp-content/uploads/2020/05/Last-Waltz-1024x574.jpg" width="584" height="327" srcset="https://francoismuerner.ch/wordpress/wp-content/uploads/2020/05/Last-Waltz-1024x574.jpg 1024w, https://francoismuerner.ch/wordpress/wp-content/uploads/2020/05/Last-Waltz-300x168.jpg 300w, https://francoismuerner.ch/wordpress/wp-content/uploads/2020/05/Last-Waltz-500x280.jpg 500w, https://francoismuerner.ch/wordpress/wp-content/uploads/2020/05/Last-Waltz.jpg 1594w" sizes="auto, (max-width: 584px) 100vw, 584px" /></a><br />
</strong></p>
<p>&nbsp;</p>
<p>&nbsp;</p>

<p>DANKE  fürs Ab- und Zuhören über all die Jahre! Und liebe Kumpels im Radio-Tower THANX Guys!  &nbsp; &nbsp; SRF 1 Glanz+Gloria Radio-Special Dani Fohrler, Kathrin Hönegger und ich &nbsp;   Start Radio DRS3 (jetzt SRF3) 01.11.1983 &nbsp; &nbsp; Mein Kumpel Christoph Schwegler am Regler und ich über DRS 3 in den 80gern &nbsp; &nbsp; SRF 1 Legends letzte An- und Abmoderation (Juli 2018)                       &nbsp; &nbsp;</p>
