{"id":614,"date":"2013-02-11T21:24:25","date_gmt":"2013-02-11T20:24:25","guid":{"rendered":"http:\/\/francoismuerner.ch\/wordpress\/?page_id=614"},"modified":"2013-10-27T18:37:36","modified_gmt":"2013-10-27T17:37:36","slug":"meilensteine","status":"publish","type":"page","link":"https:\/\/francoismuerner.ch\/?page_id=614","title":{"rendered":"Meilensteine"},"content":{"rendered":"<p>Der ultimative magische Moment. Auf mehreren Dutzend Frequenzen in der Schweiz &#8230; <a href=\"http:\/\/francoismuerner.ch\/wordpress\/wp-content\/uploads\/2013\/10\/DRS-3-_2.jpg\"><img loading=\"lazy\" decoding=\"async\" class=\" wp-image-1187 alignleft\" alt=\"DRS 3 _2\" src=\"http:\/\/francoismuerner.ch\/wordpress\/wp-content\/uploads\/2013\/10\/DRS-3-_2-296x300.jpg\" width=\"86\" height=\"86\" srcset=\"https:\/\/francoismuerner.ch\/wordpress\/wp-content\/uploads\/2013\/10\/DRS-3-_2-296x300.jpg 296w, https:\/\/francoismuerner.ch\/wordpress\/wp-content\/uploads\/2013\/10\/DRS-3-_2-150x150.jpg 150w, https:\/\/francoismuerner.ch\/wordpress\/wp-content\/uploads\/2013\/10\/DRS-3-_2.jpg 735w\" sizes=\"auto, (max-width: 86px) 100vw, 86px\" \/><\/a>Nichts &#8230; Rauschen &#8230;. dann aus dem Nichts &#8230; am Nachmittag vom 31. Oktober 1983 die aller- allerersten T\u00f6ne von SRF 3 (dann noch DRS 3)! Wir wollten schon am Nachmittag loslegen &#8211; nicht erst um Mitternacht &#8211; klar haben wir es gemacht. Grossartige Musik, heisse Signete und die ersten weltbewegenden Worte von mir &#8220;Das ist eine Testsendung von DRS 3&#8243; &#8230;. Wer das nacherleben m\u00f6chte: Einfach h\u00f6ren und warten. Stell dir vor, da wo jetzt SRF 3 erklingt, ist nichts, nada, nothing .. und dann&#8230; WOW!<br \/>\nWer keine Geduld hat, nach 1&#8217;38&#8221;, die Geburt eines Radiosenders. Enjoy!\u00a0<a href=\"http:\/\/francoismuerner.ch\/wordpress\/wp-content\/uploads\/2013\/02\/Allererste-Minuten-DRS-3_kurz_A.mp3\"><br \/>\n<\/a><\/p>\n<p><strong><a href=\"http:\/\/francoismuerner.ch\/wordpress\/wp-content\/uploads\/2013\/02\/Allererste-Minuten-DRS-3_kurz_A.mp3\">H\u00f6ren: Die Geburt von SRF 3<\/a><\/strong><\/p>\n<p><a href=\"http:\/\/francoismuerner.ch\/wordpress\/wp-content\/uploads\/2013\/10\/Virus-WECK_1.jpg\"><img loading=\"lazy\" decoding=\"async\" class=\" wp-image-1186 alignright\" alt=\"Virus WECK_1\" src=\"http:\/\/francoismuerner.ch\/wordpress\/wp-content\/uploads\/2013\/10\/Virus-WECK_1-300x187.jpg\" width=\"173\" height=\"108\" srcset=\"https:\/\/francoismuerner.ch\/wordpress\/wp-content\/uploads\/2013\/10\/Virus-WECK_1-300x187.jpg 300w, https:\/\/francoismuerner.ch\/wordpress\/wp-content\/uploads\/2013\/10\/Virus-WECK_1-1024x639.jpg 1024w, https:\/\/francoismuerner.ch\/wordpress\/wp-content\/uploads\/2013\/10\/Virus-WECK_1-480x300.jpg 480w, https:\/\/francoismuerner.ch\/wordpress\/wp-content\/uploads\/2013\/10\/Virus-WECK_1.jpg 1165w\" sizes=\"auto, (max-width: 173px) 100vw, 173px\" \/><\/a>Fast noch Herz erw\u00e4rmender war der Kick-Off von <strong><a title=\"SRF Virus. Radio. Aber anders.\" href=\"http:\/\/www.virus.ch\/\" target=\"_blank\">SRF\u00a0Virus. Radio. Aber anders<\/a>. <\/strong>In drei Monaten von Null auf Hundert. Kein Studio, keine Site, noch kein Programm, aber ein hungriges,handverlesenes und soeben angestelltes Team. Wie viel Power da war sp\u00fcrt man eventuell im Trailer den ich am Tag vor dem Start im &#8220;Rendez-Vous am Mittag&#8221; auf DRS 1 pr\u00e4sentieren durfte.<strong><br \/>\n<\/strong><\/p>\n<p><strong><a href=\"http:\/\/francoismuerner.ch\/wordpress\/wp-content\/uploads\/2013\/10\/Virus-Inrterview-vor-Start.mp3\">H\u00f6ren: RF Virus &#8211; Radio. Aber anders. Interview ein Tag vor dem Start!<\/a><\/strong><\/p>\n<p>Unglaublich! Der Manager und Produzent von Depeche Mode und die \u00a0Band wussten, dass ich in der Rocksendung\u00a0<em>Sounds!\u00a0<\/em><strong>Depeche Mode<\/strong> und viel grossartige Musik des damals kleinen <em>Mute Labels<\/em> von der ersten Stunde an extensiv gespielt habe. Es brauchte dann doch noch Berge von (seinerzeit Telexen&#8230;.) aber Miller und die Band gaben ihr OK f\u00fcr die ersten Aufnahmen eines <strong>Depeche Mode<\/strong> Konzerts in einer grossen Halle. <a href=\"http:\/\/francoismuerner.ch\/wordpress\/wp-content\/uploads\/2013\/10\/Depeche-Mode-Basel-1984.jpg\"><img loading=\"lazy\" decoding=\"async\" class=\"wp-image-1199 alignleft\" alt=\"Depeche Mode Basel 1984\" src=\"http:\/\/francoismuerner.ch\/wordpress\/wp-content\/uploads\/2013\/10\/Depeche-Mode-Basel-1984.jpg\" width=\"144\" height=\"82\" \/><\/a><strong>30.11.1984\u00a0live in der St. Jakobhalle Basel!<\/strong>\u00a0Sie haben es nicht bereut. Die Aufnahmen aus diesem Konzert (Mix Daniel Miller\/ Powerplay Studios) erschienen sp\u00e4ter als offizielle Live-Versionen der Depeche Mode Hits. Ja, ich habe in der Anmoderation zum Konzert viel versprochen. Damals. Bald 30 Jahre sp\u00e4ter behaupte ich locker&#8230;.. Bitte pr\u00fcft selber:<\/p>\n<p><strong><a href=\"http:\/\/francoismuerner.ch\/wordpress\/wp-content\/uploads\/2013\/02\/Depeche-Mode-Live-Intro.mp3\">Nachh\u00f6ren: Moderation: Depeche Mode Intro Live Konzert 1984<br \/>\n<\/a><\/strong><strong><a title=\"Ice Machine \/ Depeche Mode live in Basel auf SRF3\" href=\"http:\/\/www.youtube.com\/watch?v=VOCyVVWIsbk\" target=\"_blank\">Ausschnitt aus dem Konzert<\/a><\/strong><\/p>\n<p>Zuerst hat er zugesagt, dann wieder abgesagt, dann zugesagt, am Schluss wollte er dann doch in die Nachmittagssendung um \u00fcber f\u00fcnf Jahre SRF 3 (dann DRS 3) zu reden. Shit! Ich war Moderationsleiter und Moderator der wichtigste Sendung der Morgensendung! The Morning makes the Day! Und der Senderchef geht in den Nachmittags Kuschelzoo.<a href=\"http:\/\/francoismuerner.ch\/wordpress\/wp-content\/uploads\/2013\/02\/SEX.jpg\"><img loading=\"lazy\" decoding=\"async\" class=\" wp-image-1202 alignright\" alt=\"SEX\" src=\"http:\/\/francoismuerner.ch\/wordpress\/wp-content\/uploads\/2013\/02\/SEX-300x196.jpg\" width=\"210\" height=\"137\" srcset=\"https:\/\/francoismuerner.ch\/wordpress\/wp-content\/uploads\/2013\/02\/SEX-300x196.jpg 300w, https:\/\/francoismuerner.ch\/wordpress\/wp-content\/uploads\/2013\/02\/SEX-457x300.jpg 457w, https:\/\/francoismuerner.ch\/wordpress\/wp-content\/uploads\/2013\/02\/SEX.jpg 715w\" sizes=\"auto, (max-width: 210px) 100vw, 210px\" \/><\/a> Wollte er nicht fr\u00fch aufstehen? Hatte er Angst vor unserem Format <strong><em>Die eiskalte Dusche von Behauptungen<\/em>?<\/strong> Die war halt schon nicht ohne&#8230;. nichts f\u00fcr Warmduscher. Mein Gl\u00fcck er ging am Tag vor dem Geburtstag in diese Nachmittagssendung. Ich verzweifelt, schneide alles mit, extrahiere die wenigen brauchbaren Statements aus der Sendung vom Vortag und \u00a0fake ein Interview. Live zur besten Sendezeit um 0710h! Peter B\u00fchler hat mir inzwischen verziehen. Es war sicher ein wirres Gef\u00fchl, zu Hause unter der warmen Dusche zuh\u00f6ren m\u00fcssen wie man am Radio kalt geduscht wird&#8230;. Klar habe ich DAS Thema aufgegriffen das von den Jungs am Nachmittag vergessen ging: <strong>Sex, Sex, Sex<\/strong>:<\/p>\n<p><strong>\u00a0<a href=\"http:\/\/francoismuerner.ch\/wordpress\/wp-content\/uploads\/2013\/02\/DRS-3-Chef-unter-der-eiskalten-Dusche.mp3\">H\u00f6ren: DRS 3 Chef eiskalte Dusche Thema Sex<\/a>\u00a0 \u00a0 \u00a0 \u00a0 \u00a0 \u00a0<\/strong><\/p>\n<p>Dann gab es viele, viele, viele, viele anderen die <em>die eiskalte Dusche von Behauptungen<\/em> \u00fcber sich ergehen liessen. Geniale, clevere, schlagfertige wie Harald Schmidt, brillante Denker wie ein Albert Hofmann oder Robert Jungk usw.\u00a0Witzig die, die die man von uns nicht erwartet hat. <strong>Tiefpunkt<\/strong> sicher der\u00a0<strong>Teddyb\u00e4r vom<\/strong> ewigen englischen Thronfolger <strong>Prince Charles:<\/strong><\/p>\n<p><strong><a href=\"http:\/\/francoismuerner.ch\/wordpress\/wp-content\/uploads\/2013\/02\/3_70-Kalte-Dusche_Teddyb\u00e4r-von-Prince-Charles.mp3\">H\u00f6ren: Teddyb\u00e4r von Prince Charles unter der eiskalten Dusche<\/a><\/strong><\/p>\n","protected":false},"excerpt":{"rendered":"<p>Der ultimative magische Moment. Auf mehreren Dutzend Frequenzen in der Schweiz &#8230; Nichts &#8230; Rauschen &#8230;. dann aus dem Nichts &#8230; am Nachmittag vom 31. Oktober 1983 die aller- allerersten T\u00f6ne von SRF 3 (dann noch DRS 3)! Wir wollten schon am Nachmittag loslegen &#8211; nicht erst um Mitternacht &#8211; klar haben wir es gemacht. Grossartige Musik, heisse Signete und die ersten weltbewegenden Worte von mir &#8220;Das ist eine Testsendung von DRS 3&#8243; &#8230;. Wer das nacherleben m\u00f6chte: Einfach h\u00f6ren und warten. Stell dir vor, da wo jetzt SRF 3 erklingt, ist nichts, nada, nothing .. und dann&#8230; WOW! Wer keine Geduld hat, nach 1&#8217;38&#8221;, die Geburt eines Radiosenders. Enjoy!\u00a0 &hellip; <a href=\"https:\/\/francoismuerner.ch\/?page_id=614\">Continue reading <span class=\"meta-nav\">&rarr;<\/span><\/a><\/p>\n","protected":false},"author":1,"featured_media":0,"parent":0,"menu_order":0,"comment_status":"closed","ping_status":"closed","template":"","meta":{"ngg_post_thumbnail":0,"footnotes":""},"class_list":["post-614","page","type-page","status-publish","hentry"],"_links":{"self":[{"href":"https:\/\/francoismuerner.ch\/index.php?rest_route=\/wp\/v2\/pages\/614","targetHints":{"allow":["GET"]}}],"collection":[{"href":"https:\/\/francoismuerner.ch\/index.php?rest_route=\/wp\/v2\/pages"}],"about":[{"href":"https:\/\/francoismuerner.ch\/index.php?rest_route=\/wp\/v2\/types\/page"}],"author":[{"embeddable":true,"href":"https:\/\/francoismuerner.ch\/index.php?rest_route=\/wp\/v2\/users\/1"}],"replies":[{"embeddable":true,"href":"https:\/\/francoismuerner.ch\/index.php?rest_route=%2Fwp%2Fv2%2Fcomments&post=614"}],"version-history":[{"count":34,"href":"https:\/\/francoismuerner.ch\/index.php?rest_route=\/wp\/v2\/pages\/614\/revisions"}],"predecessor-version":[{"id":724,"href":"https:\/\/francoismuerner.ch\/index.php?rest_route=\/wp\/v2\/pages\/614\/revisions\/724"}],"wp:attachment":[{"href":"https:\/\/francoismuerner.ch\/index.php?rest_route=%2Fwp%2Fv2%2Fmedia&parent=614"}],"curies":[{"name":"wp","href":"https:\/\/api.w.org\/{rel}","templated":true}]}}

<p>Der ultimative magische Moment. Auf mehreren Dutzend Frequenzen in der Schweiz &#8230; <a href="http://francoismuerner.ch/wordpress/wp-content/uploads/2013/10/DRS-3-_2.jpg"><img loading="lazy" decoding="async" class=" wp-image-1187 alignleft" alt="DRS 3 _2" src="http://francoismuerner.ch/wordpress/wp-content/uploads/2013/10/DRS-3-_2-296x300.jpg" width="86" height="86" srcset="https://francoismuerner.ch/wordpress/wp-content/uploads/2013/10/DRS-3-_2-296x300.jpg 296w, https://francoismuerner.ch/wordpress/wp-content/uploads/2013/10/DRS-3-_2-150x150.jpg 150w, https://francoismuerner.ch/wordpress/wp-content/uploads/2013/10/DRS-3-_2.jpg 735w" sizes="auto, (max-width: 86px) 100vw, 86px" /></a>Nichts &#8230; Rauschen &#8230;. dann aus dem Nichts &#8230; am Nachmittag vom 31. Oktober 1983 die aller- allerersten Töne von SRF 3 (dann noch DRS 3)! Wir wollten schon am Nachmittag loslegen &#8211; nicht erst um Mitternacht &#8211; klar haben wir es gemacht. Grossartige Musik, heisse Signete und die ersten weltbewegenden Worte von mir &#8220;Das ist eine Testsendung von DRS 3&#8243; &#8230;. Wer das nacherleben möchte: Einfach hören und warten. Stell dir vor, da wo jetzt SRF 3 erklingt, ist nichts, nada, nothing .. und dann&#8230; WOW!<br />
Wer keine Geduld hat, nach 1&#8217;38&#8221;, die Geburt eines Radiosenders. Enjoy! <a href="http://francoismuerner.ch/wordpress/wp-content/uploads/2013/02/Allererste-Minuten-DRS-3_kurz_A.mp3"><br />
</a></p>
<p><strong><a href="http://francoismuerner.ch/wordpress/wp-content/uploads/2013/02/Allererste-Minuten-DRS-3_kurz_A.mp3">Hören: Die Geburt von SRF 3</a></strong></p>
<p><a href="http://francoismuerner.ch/wordpress/wp-content/uploads/2013/10/Virus-WECK_1.jpg"><img loading="lazy" decoding="async" class=" wp-image-1186 alignright" alt="Virus WECK_1" src="http://francoismuerner.ch/wordpress/wp-content/uploads/2013/10/Virus-WECK_1-300x187.jpg" width="173" height="108" srcset="https://francoismuerner.ch/wordpress/wp-content/uploads/2013/10/Virus-WECK_1-300x187.jpg 300w, https://francoismuerner.ch/wordpress/wp-content/uploads/2013/10/Virus-WECK_1-1024x639.jpg 1024w, https://francoismuerner.ch/wordpress/wp-content/uploads/2013/10/Virus-WECK_1-480x300.jpg 480w, https://francoismuerner.ch/wordpress/wp-content/uploads/2013/10/Virus-WECK_1.jpg 1165w" sizes="auto, (max-width: 173px) 100vw, 173px" /></a>Fast noch Herz erwärmender war der Kick-Off von <strong><a title="SRF Virus. Radio. Aber anders." href="http://www.virus.ch/" target="_blank">SRF Virus. Radio. Aber anders</a>. </strong>In drei Monaten von Null auf Hundert. Kein Studio, keine Site, noch kein Programm, aber ein hungriges,handverlesenes und soeben angestelltes Team. Wie viel Power da war spürt man eventuell im Trailer den ich am Tag vor dem Start im &#8220;Rendez-Vous am Mittag&#8221; auf DRS 1 präsentieren durfte.<strong><br />
</strong></p>
<p><strong><a href="http://francoismuerner.ch/wordpress/wp-content/uploads/2013/10/Virus-Inrterview-vor-Start.mp3">Hören: RF Virus &#8211; Radio. Aber anders. Interview ein Tag vor dem Start!</a></strong></p>
<p>Unglaublich! Der Manager und Produzent von Depeche Mode und die  Band wussten, dass ich in der Rocksendung <em>Sounds! </em><strong>Depeche Mode</strong> und viel grossartige Musik des damals kleinen <em>Mute Labels</em> von der ersten Stunde an extensiv gespielt habe. Es brauchte dann doch noch Berge von (seinerzeit Telexen&#8230;.) aber Miller und die Band gaben ihr OK für die ersten Aufnahmen eines <strong>Depeche Mode</strong> Konzerts in einer grossen Halle. <a href="http://francoismuerner.ch/wordpress/wp-content/uploads/2013/10/Depeche-Mode-Basel-1984.jpg"><img loading="lazy" decoding="async" class="wp-image-1199 alignleft" alt="Depeche Mode Basel 1984" src="http://francoismuerner.ch/wordpress/wp-content/uploads/2013/10/Depeche-Mode-Basel-1984.jpg" width="144" height="82" /></a><strong>30.11.1984 live in der St. Jakobhalle Basel!</strong> Sie haben es nicht bereut. Die Aufnahmen aus diesem Konzert (Mix Daniel Miller/ Powerplay Studios) erschienen später als offizielle Live-Versionen der Depeche Mode Hits. Ja, ich habe in der Anmoderation zum Konzert viel versprochen. Damals. Bald 30 Jahre später behaupte ich locker&#8230;.. Bitte prüft selber:</p>
<p><strong><a href="http://francoismuerner.ch/wordpress/wp-content/uploads/2013/02/Depeche-Mode-Live-Intro.mp3">Nachhören: Moderation: Depeche Mode Intro Live Konzert 1984<br />
</a></strong><strong><a title="Ice Machine / Depeche Mode live in Basel auf SRF3" href="http://www.youtube.com/watch?v=VOCyVVWIsbk" target="_blank">Ausschnitt aus dem Konzert</a></strong></p>
<p>Zuerst hat er zugesagt, dann wieder abgesagt, dann zugesagt, am Schluss wollte er dann doch in die Nachmittagssendung um über fünf Jahre SRF 3 (dann DRS 3) zu reden. Shit! Ich war Moderationsleiter und Moderator der wichtigste Sendung der Morgensendung! The Morning makes the Day! Und der Senderchef geht in den Nachmittags Kuschelzoo.<a href="http://francoismuerner.ch/wordpress/wp-content/uploads/2013/02/SEX.jpg"><img loading="lazy" decoding="async" class=" wp-image-1202 alignright" alt="SEX" src="http://francoismuerner.ch/wordpress/wp-content/uploads/2013/02/SEX-300x196.jpg" width="210" height="137" srcset="https://francoismuerner.ch/wordpress/wp-content/uploads/2013/02/SEX-300x196.jpg 300w, https://francoismuerner.ch/wordpress/wp-content/uploads/2013/02/SEX-457x300.jpg 457w, https://francoismuerner.ch/wordpress/wp-content/uploads/2013/02/SEX.jpg 715w" sizes="auto, (max-width: 210px) 100vw, 210px" /></a> Wollte er nicht früh aufstehen? Hatte er Angst vor unserem Format <strong><em>Die eiskalte Dusche von Behauptungen</em>?</strong> Die war halt schon nicht ohne&#8230;. nichts für Warmduscher. Mein Glück er ging am Tag vor dem Geburtstag in diese Nachmittagssendung. Ich verzweifelt, schneide alles mit, extrahiere die wenigen brauchbaren Statements aus der Sendung vom Vortag und  fake ein Interview. Live zur besten Sendezeit um 0710h! Peter Bühler hat mir inzwischen verziehen. Es war sicher ein wirres Gefühl, zu Hause unter der warmen Dusche zuhören müssen wie man am Radio kalt geduscht wird&#8230;. Klar habe ich DAS Thema aufgegriffen das von den Jungs am Nachmittag vergessen ging: <strong>Sex, Sex, Sex</strong>:</p>
<p><strong> <a href="http://francoismuerner.ch/wordpress/wp-content/uploads/2013/02/DRS-3-Chef-unter-der-eiskalten-Dusche.mp3">Hören: DRS 3 Chef eiskalte Dusche Thema Sex</a>           </strong></p>
<p>Dann gab es viele, viele, viele, viele anderen die <em>die eiskalte Dusche von Behauptungen</em> über sich ergehen liessen. Geniale, clevere, schlagfertige wie Harald Schmidt, brillante Denker wie ein Albert Hofmann oder Robert Jungk usw. Witzig die, die die man von uns nicht erwartet hat. <strong>Tiefpunkt</strong> sicher der <strong>Teddybär vom</strong> ewigen englischen Thronfolger <strong>Prince Charles:</strong></p>
<p><strong><a href="http://francoismuerner.ch/wordpress/wp-content/uploads/2013/02/3_70-Kalte-Dusche_Teddybär-von-Prince-Charles.mp3">Hören: Teddybär von Prince Charles unter der eiskalten Dusche</a></strong></p>

<p>Der ultimative magische Moment. Auf mehreren Dutzend Frequenzen in der Schweiz &#8230; Nichts &#8230; Rauschen &#8230;. dann aus dem Nichts &#8230; am Nachmittag vom 31. Oktober 1983 die aller- allerersten Töne von SRF 3 (dann noch DRS 3)! Wir wollten schon am Nachmittag loslegen &#8211; nicht erst um Mitternacht &#8211; klar haben wir es gemacht. Grossartige Musik, heisse Signete und die ersten weltbewegenden Worte von mir &#8220;Das ist eine Testsendung von DRS 3&#8243; &#8230;. Wer das nacherleben möchte: Einfach hören und warten. Stell dir vor, da wo jetzt SRF 3 erklingt, ist nichts, nada, nothing .. und dann&#8230; WOW! Wer keine Geduld hat, nach 1&#8217;38&#8221;, die Geburt eines Radiosenders. Enjoy!  &hellip; <a href="https://francoismuerner.ch/?page_id=614">Continue reading <span class="meta-nav">&rarr;</span></a></p>
