{"id":151,"date":"2013-01-31T22:11:56","date_gmt":"2013-01-31T21:11:56","guid":{"rendered":"http:\/\/francoismuerner.ch\/wordpress\/?page_id=151"},"modified":"2013-02-21T21:14:51","modified_gmt":"2013-02-21T20:14:51","slug":"videos","status":"publish","type":"page","link":"https:\/\/francoismuerner.ch\/?page_id=151","title":{"rendered":"Radio Videos"},"content":{"rendered":"<p><strong>SOUNDS! Die Rocksendung, dann noch auf DRS 2<\/strong><\/p>\n<p><iframe loading=\"lazy\" title=\"FERA Spez. 1981 mit Fran\u00e7ois M\u00fcrner\" width=\"584\" height=\"438\" src=\"https:\/\/www.youtube.com\/embed\/Rxbo3Yh9s2U?feature=oembed\" frameborder=\"0\" allow=\"accelerometer; autoplay; clipboard-write; encrypted-media; gyroscope; picture-in-picture; web-share\" referrerpolicy=\"strict-origin-when-cross-origin\" allowfullscreen><\/iframe><\/p>\n<p><strong>01.11.1983. Die erste regul\u00e4re Sendung auf DRS 3. Gleich nach dem Generaldirektor und der C\u00fcpli-Fraktion&#8230; \u00a0<\/strong>ok auf dem YouTube Standbild sehe ich aus auch wie wenn ich einige C\u00fcpli intus h\u00e4tte, ich schw\u00f6re dem ist nicht so!<\/p>\n<p><iframe loading=\"lazy\" title=\"1983: Fran\u00e7ois \u00abFM\u00bb M\u00fcrner moderiert die erste Nacht von DRS 3\" width=\"584\" height=\"438\" src=\"https:\/\/www.youtube.com\/embed\/_BfpHVmLOWI?feature=oembed\" frameborder=\"0\" allow=\"accelerometer; autoplay; clipboard-write; encrypted-media; gyroscope; picture-in-picture; web-share\" referrerpolicy=\"strict-origin-when-cross-origin\" allowfullscreen><\/iframe><\/p>\n","protected":false},"excerpt":{"rendered":"<p>SOUNDS! Die Rocksendung, dann noch auf DRS 2 01.11.1983. Die erste regul\u00e4re Sendung auf DRS 3. Gleich nach dem Generaldirektor und der C\u00fcpli-Fraktion&#8230; \u00a0ok auf dem YouTube Standbild sehe ich aus auch wie wenn ich einige C\u00fcpli intus h\u00e4tte, ich schw\u00f6re dem ist nicht so!<\/p>\n","protected":false},"author":1,"featured_media":0,"parent":0,"menu_order":0,"comment_status":"closed","ping_status":"closed","template":"","meta":{"ngg_post_thumbnail":0,"footnotes":""},"class_list":["post-151","page","type-page","status-publish","hentry"],"_links":{"self":[{"href":"https:\/\/francoismuerner.ch\/index.php?rest_route=\/wp\/v2\/pages\/151","targetHints":{"allow":["GET"]}}],"collection":[{"href":"https:\/\/francoismuerner.ch\/index.php?rest_route=\/wp\/v2\/pages"}],"about":[{"href":"https:\/\/francoismuerner.ch\/index.php?rest_route=\/wp\/v2\/types\/page"}],"author":[{"embeddable":true,"href":"https:\/\/francoismuerner.ch\/index.php?rest_route=\/wp\/v2\/users\/1"}],"replies":[{"embeddable":true,"href":"https:\/\/francoismuerner.ch\/index.php?rest_route=%2Fwp%2Fv2%2Fcomments&post=151"}],"version-history":[{"count":10,"href":"https:\/\/francoismuerner.ch\/index.php?rest_route=\/wp\/v2\/pages\/151\/revisions"}],"predecessor-version":[{"id":907,"href":"https:\/\/francoismuerner.ch\/index.php?rest_route=\/wp\/v2\/pages\/151\/revisions\/907"}],"wp:attachment":[{"href":"https:\/\/francoismuerner.ch\/index.php?rest_route=%2Fwp%2Fv2%2Fmedia&parent=151"}],"curies":[{"name":"wp","href":"https:\/\/api.w.org\/{rel}","templated":true}]}}

<p><strong>SOUNDS! Die Rocksendung, dann noch auf DRS 2</strong></p>
<p><iframe loading="lazy" title="FERA Spez. 1981 mit François Mürner" width="584" height="438" src="https://www.youtube.com/embed/Rxbo3Yh9s2U?feature=oembed" frameborder="0" allow="accelerometer; autoplay; clipboard-write; encrypted-media; gyroscope; picture-in-picture; web-share" referrerpolicy="strict-origin-when-cross-origin" allowfullscreen></iframe></p>
<p><strong>01.11.1983. Die erste reguläre Sendung auf DRS 3. Gleich nach dem Generaldirektor und der Cüpli-Fraktion&#8230;  </strong>ok auf dem YouTube Standbild sehe ich aus auch wie wenn ich einige Cüpli intus hätte, ich schwöre dem ist nicht so!</p>
<p><iframe loading="lazy" title="1983: François «FM» Mürner moderiert die erste Nacht von DRS 3" width="584" height="438" src="https://www.youtube.com/embed/_BfpHVmLOWI?feature=oembed" frameborder="0" allow="accelerometer; autoplay; clipboard-write; encrypted-media; gyroscope; picture-in-picture; web-share" referrerpolicy="strict-origin-when-cross-origin" allowfullscreen></iframe></p>

<p>SOUNDS! Die Rocksendung, dann noch auf DRS 2 01.11.1983. Die erste reguläre Sendung auf DRS 3. Gleich nach dem Generaldirektor und der Cüpli-Fraktion&#8230;  ok auf dem YouTube Standbild sehe ich aus auch wie wenn ich einige Cüpli intus hätte, ich schwöre dem ist nicht so!</p>
